1110
What is -1221a4e (base 15) in base 3?
-220111022001002
-47025 (base 11) to base 2
-10000100101000100
Convert 4a95a (base 12) to base 3.
12011100121
2110b8 (base 16) to base 4
20101002320
What is -8167302 (base 9) in base 16?
-4274db
Convert -2b7625 (base 12) to base 4.
-2310112331
Convert 68a76a (base 13) to base 4.
21131111333
23335273 (base 8) to base 13
109485c
What is 34691 (base 13) in base 14?
26bab
Convert -17aca5 (base 14) to base 10.
-836673
-17181 (base 10) to base 4
-10030131
-100100010010000111100010 (base 2) to base 15
-c7d2ce
What is -10002654 (base 7) in base 12?
-339216
What is 2251535 (base 7) in base 4?
1010232323
Convert -111100022212 (base 3) to base 6.
-5344035
Convert 753075 (base 8) to base 15.
4e788
What is 266614 (base 9) in base 15?
33177
-110001110000000101 (base 2) to base 6
-4211233
10001100111101100000 (base 2) to base 16
8cf60
Convert 6053d5 (base 15) to base 14.
870ca4
-1110010011011011010 (base 2) to base 12
-1a72a2
Convert -483b1 (base 13) to base 15.
-293b6
Convert -3043004 (base 7) to base 13.
-c9650
Convert -15520716 (base 8) to base 13.
-98487a
14637201 (base 8) to base 16
333e81
Convert -13a3a (base 12) to base 15.
-81c1
Convert -1123110101 (base 4) to base 13.
-10132a
What is -4336605 (base 7) in base 8?
-2014221
Convert 5042524 (base 7) to base 6.
20500114
17e9e67 (base 15) to base 14
2462b82
What is 173a86 (base 16) in base 4?
11303222012
What is 13814c (base 13) in base 12?
1aa915
What is -583e11 (base 15) in base 6?
-230202354
-39b83 (base 13) to base 5
-11414142
1010110010010011 (base 2) to base 4
22302103
What is -192102 (base 13) in base 14?
-126919
What is 33ea5 (base 16) in base 2?
110011111010100101
Convert 2020211120112 (base 3) to base 9.
2224515
Convert 18160 (base 10) to base 8.
43360
Convert -a543ea (base 16) to base 9.
-22337081
Convert 1ac7c (base 15) to base 4.
111102120
What is 17b59a (base 12) in base 4?
1211002012
1004143 (base 11) to base 9
3307583
-364653 (base 9) to base 5
-24014323
Convert -1212100304 (base 5) to base 16.
-2b70ea
What is 4122343 (base 5) in base 15?
14db8
What is -20101012021012 (base 3) in base 7?
-40544246
What is 2eb0a (base 16) in base 9?
321301
Convert -7415a (base 14) to base 3.
-112020022110
42282 (base 13) to base 8
350452
What is 1a7bd (base 14) in base 15?
14e80
What is 25cbc (base 14) in base 6?
1554514
What is -346431 (base 8) in base 13?
-41961
Convert 491513 (base 10) to base 9.
828205
313101302110 (base 4) to base 6
1234330524
-1221013210 (base 4) to base 15
-87894
Convert 33796 (base 13) to base 14.
26164
What is 102211114 (base 5) in base 7?
3434315
-6610106 (base 8) to base 10
-1773638
What is -241631 (base 9) in base 6?
-3042001
Convert 4001115 (base 6) to base 9.
314322
c590eb (base 15) to base 8
43657775
69676b (base 13) to base 12
a063b9
22010202120 (base 3) to base 4
213013032
What is 110112020013 (base 4) in base 3?
101000222012110
What is 102203251 (base 6) in base 2?
110110100110100101111
Convert -100010011110101100 (base 2) to base 14.
-3967a
What is -22213310231 (base 4) in base 12?
-b23525
-116416 (base 7) to base 13
-9a0c
What is -256a9 (base 15) in base 11?
-81979
-440153 (base 6) to base 15
-ab8c
What is 1113222003 (base 5) in base 6?
125025143
-1014233 (base 6) to base 13
-19353
Convert 232847 (base 10) to base 15.
48ed2
Convert 194704 (base 10) to base 15.
3ca54
What is -65a25 (base 15) in base 8?
-1166536
2006302 (base 7) to base 11
152494
-697ba (base 13) to base 12
-93477
What is -1534056 (base 7) in base 13?
-7494c
What is 11554050 (base 6) in base 5?
43412341
What is -9693 (base 13) in base 12?
-10123
What is -57410 (base 10) in base 16?
-e042
Convert -352cf (base 16) to base 3.
-102001202221
-110102022120 (base 3) to base 12
-b9566
Convert 1145e6 (base 15) to base 7.
10003533
What is -4423556 (base 7) in base 12?
-222945
Convert -11a83c (base 14) to base 4.
-2103301312
What is -3a518 (base 11) in base 13?
-20447
Convert 4e1 (base 15) to base 14.
595
-12032200102 (base 4) to base 5
-404213044
What is -16f0ac (base 16) in base 6?
-52120112
Convert -223654563 (base 7) to base 16.
-d03170
Convert -710273 (base 14) to base 12.
-1335251
Convert -8d7a0d (base 15) to base 16.
-672265
What is 760200 (base 8) in base 3?
110220112101
What is -30504211 (base 6) in base 5?
-211122011
Convert -114000443 (base 5) to base 9.
-888814
What is 10100000101100101100 (base 2) in base 4?
2200230230
What is 7015cb (base 13) in base 10?
2602260
Convert -10001011101010010 (base 2) to base 15.
-162c1
161374 (base 8) to base 9
87634
Convert -55104 (base 15) to base 14.
-706a1
What is 11120220202 (base 3) in base 4?
112003133
What is 8a052 (base 11) in base 16?
1fdbf
1003423220 (base 5) to base 2
111101011101111101001
What is -203221123 (base 4) in base 14?
-3b2d5
What is -10100101010001110101 (base 2) in base 8?
-2452165
What is -15c9b0 (base 13) in base 15?
-aa96b
Convert -3386e (base 16) to base 11.
-134628
What is -1001000001110100000 (base 2) in base 3?
-120000211001
Convert 166aca (base 13) to base 6.
15541533
-2101344443 (base 5) to base 4
-100133322012
What is -1111110122 (base 3) in base 12?
-150a5
What is -473102 (base 10) in base 4?
-1303200032
70162 (base 10) to base 11
48794
Convert -4212404 (base 6) to base 13.
-71b54
Convert 35152046 (base 8) to base 12.
2692a06
Convert 29acd2 (base 14) to base 16.
162568
-45331355 (base 6) to base 11
-8632a0
255256 (base 8) to base 11
60752
What is -18981 (base 14) in base 12?
-30031
What is 261502 (base 8) in base 6?
1541014
What is -8038 (base 12) in base 5?
-420433
4506854 (base 9) to base 3
11120020221211
Convert -2cb88b (base 16) to base 5.
-1222241302
What is 142a758 (base 12) in base 6?
222340552
101000001101001010 (base 2) to base 11
102801
-20123101310 (base 4) to base 9
-4136015
4ed3 (base 15) to base 3
212010000
22210021120 (base 3) to base 11
108a62
53212223 (base 6) to base 8
5741027
12022110110 (base 3) to base 2
11001100010000111
What is -468b8 (base 13) in base 11?
-88959
What is -4233531 (base 7) in base 15?
-a1da9
Convert -113102003 (base 4) to base 11.
-65714
What is -223111331 (base 4) in base 13?
-62a65
What is -1ba1ba (base 14) in base 5?
-223110300
What is -18532 (base 15) in base 12?
-39725
Convert -20100122202 (base 3) to base 8.
-364322
-140521244 (base 6) to base 9
-5310281
Convert 1030312020 (base 4) to base 11.
1a5536
Convert 1224233333 (base 5) to base 13.
7c90c6
2654 (base 7) to base 9
1352
What is 85486 (base 10) in base 3?
11100021011
Convert -320546 (base 8) to base 15.
-219d9
7155686 (base 9) to base 5
1434104100
What is 511bb (base 13) in base 14?
3ad65
1639057 (base 10) to base 14
309477
What is -2d0824 (base 14) in base 11?
-987624
Convert -21d90b (base 15) to base 7.
-16505201
Convert -101100000101110100000 (base 2) to base 15.
-1d812d
Convert 221102100 (base 4) to base 5.
20402404
What is -9020a (base 11) in base 7?
-1056621
78a201 (base 13) to base 6
141025424
4664012 (base 7) to base 8
2172731
Convert 208a8 (base 11) to base 5.
1432433
1620962 (base 10) to base 6
54424242
4504145 (base 8) to base 11
75a580
Convert 2210121 (base 5) to base 2.
1001010100010001
Convert -16c186 (base 13) to base 9.
-1056837
714647 (base 8) to base 13
83516
-36179 (base 10) to base 8
-106523
What is -50132312 (base 6) in base 2?
-101011000101100110100
What is -564746 (base 9) in base 10?
-338136
-3356378 (base 10) to base 16
-3336da
Convert 2743c2 (base 15) to base 2.
111001100110011111010
Convert -565234 (base 13) to base 9.
-3747224
10110101110111110011 (base 2) to base 4
2311313303
Convert -a8513 (base 12) to base 5.
-24100134
Convert -5534200 (base 8) to base 11.
-9277a9
What is 1807c54 (base 13) in base 5?
4000032004
What is 61422335 (base 7) in base 4?
103210320110
-33302113 (base 4) to base 16
-fc97
-1311023231 (base 4) to base 6
-14142045
What is 43543 (base 10) in base 6?
533331
-30002430 (base 6) to base 14
-17c3aa
-103037402 (base 8) to base 10
-17579778
-2427 (base 12) to base 8
-7737
What is -5017 (base 9) in base 7?
-13450
What is -1041142 (base 7) in base 13?
-46162
What is 100011000000000010 (base 2) in base 9?
237581
4032212 (base 5) to base 15
14272
Convert -2322423231 (base 5) to base 9.
-10836482
Convert -4875c (base 14) to base 9.
-288804
What is 330343